9
Suppose -3*x + 5*y + 4368 = 0, -2*y - 26 + 20 = 0. What are the prime factors of x?
1451
Let v(i) = -i**3 + 9*i**2 + 17*i - 3. Let g(w) = 2*w**2 + 2*w - 5. Let r be g(2). What are the prime factors of v(r)?
2, 107
Suppose 3*q + 70 = -2*i, 3*i = 2*i + 4. Let g = q + 120. List the prime factors of g.
2, 47
Let d(x) = -x**3 + 2*x. Let a be d(2). List the prime factors of (14/a + 3)*-26.
13
Let v(r) = r**3 - 6*r**2 + 5. Let b be v(6). Suppose -b*k + 26 = o, -5*o + 99 = k - 127. What are the prime factors of o?
2, 23
Let g = 73 - 62. What are the prime factors of g?
11
Suppose 4*q = 2*a + 12, q + 3*q - 4 = 4*a. Suppose 3*m - 25 = n - 5*n, m = a*n - 13. Suppose 0 = -2*j + m*y + 27, 5 = -5*y - 0. What are the prime factors of j?
2, 3
Let j = 600 + -397. What are the prime factors of j?
7, 29
Suppose -1446 = -4*p - 394. List the prime factors of p.
263
Suppose 0 = -4*y - 3*d - 2 + 5, 0 = -y + 2*d - 2. Suppose 0 = -4*r + r - 4*i + 176, y = 5*r + 3*i - 286. What are the prime factors of 524/14 - (-32)/r?
2, 19
Suppose 0 = -3*t + 4*n - 174 - 100, 0 = n + 2. Let y = t + 136. Suppose 15*f + y = 16*f. What are the prime factors of f?
2, 3, 7
Let y(q) = q**2 + 7*q + 1. Let j be y(-8). What are the prime factors of 6 + 1 - (j + -11)?
3
Let s(o) be the third derivative of 11*o**6/720 + 7*o**5/120 - 3*o**4/8 - o**2. Let t(x) be the second derivative of s(x). List the prime factors of t(4).
3, 17
What are the prime factors of (-15)/(-9)*(501 - 42)?
3, 5, 17
Let p(r) = 6*r**3 + r**2 - 1. Let g be p(1). Let s = g + 0. List the prime factors of -1*(-13 - (-3 + s)).
2
Suppose -9 - 7 = -4*w. Let m be 0/w - 4*-1. Suppose m*n + 216 = 3*q, -225 - 53 = -4*q + 2*n. What are the prime factors of q?
2, 17
Suppose 16 = -c + 5*c. Suppose -23 = -c*p - 3. Suppose -4*w - 6 + 3 = -3*x, x = p. What are the prime factors of w?
3
Suppose y - 6*y = -85. Let k = y - -38. List the prime factors of (-11)/(-44) + k/4.
2, 7
Let m(c) = -1. Let j(v) = v - 4. Let g(w) = -j(w) - 2*m(w). Let o be g(6). Suppose 7*a - 14 = -o*a. List the prime factors of a.
2
Suppose -2*d = 3*m + 18, 4*d - 3*d = 0. Let u(l) = -l - 1 - 4 - l**2 - 9*l. What are the prime factors of u(m)?
19
Let s(z) = -z**3 + 9*z**2 - 6*z - 1. Let n be s(8). Suppose 10*p - n = 7*p. Suppose 0 = p*c - 113 - 92. List the prime factors of c.
41
Let o = 6769 - 3891. List the prime factors of o.
2, 1439
Suppose -5*n - 722 + 4557 = 0. Suppose 0 = 3*g - 2*s - 229 - 340, s + n = 4*g. List the prime factors of 26/65 + g/5.
3, 13
Suppose 5*p - 3*h - 2520 = 7218, 2*h = 4*p - 7790. Let i = 2767 - p. List the prime factors of 2/3 + i/12.
3, 23
List the prime factors of ((-36)/8)/((-36)/(-48)) + 1154.
2, 7, 41
Let z be (84/10)/(3/(-60)*-4). Suppose -4*o = -274 + z. What are the prime factors of o?
2, 29
Let s(c) = -86*c + 1238. List the prime factors of s(-40).
2, 2339
Suppose -1231*s - 2604 = -1237*s. List the prime factors of s.
2, 7, 31
What are the prime factors of 2 - (3 + -1) - (67 - 557)?
2, 5, 7
Let d = -86 - -47. Let h be ((-2)/(-6))/(1/d). Let p = 6 - h. What are the prime factors of p?
19
Let n = -12 - -14. Let h(q) = 11*q**3 + 4*q**2 - 5*q. What are the prime factors of h(n)?
2, 47
Let l be 90/(-36)*(-12)/10. Let u(w) = 1 + 3 - w**2 + 16*w - l*w. List the prime factors of u(12).
2
Suppose -4324 = -5*l - 3*v, 5*v + 4699 = 5*l + 399. List the prime factors of l.
863
Let l be 3*((-160)/12)/1*-1. List the prime factors of 16/l + (-1496)/(-10).
2, 3, 5
Let w be (-478)/14 - (-10)/70. Let i = 8 - w. Suppose 106 = 3*a + c, a - 2*c - i = c. List the prime factors of a.
2, 3
Suppose -4 = r - 3, 0 = v - 5*r - 27. Let g = 14 - v. What are the prime factors of (2 - 0)*-1 - g?
2, 3
Suppose 10415 + 6030 = 11*y. List the prime factors of y.
5, 13, 23
Suppose 327*v - 332*v - 4*f = -18967, -5*v + 3*f + 18981 = 0. What are the prime factors of v?
3, 5, 11, 23
Suppose -6*h + 7*h = -11. Let c = -8 + h. Let u = -16 - c. What are the prime factors of u?
3
Let w(l) = 795*l**2 + 46*l + 84. What are the prime factors of w(-2)?
2, 13, 61
Let r = 109 - 24. Let c = -54 + r. List the prime factors of 3 - (4*c)/(-4).
2, 17
Let i(l) = l + 11. Let v be i(-2). Suppose 1768 = v*s - 473. What are the prime factors of s?
3, 83
Let a = -2 + 9. Let y(b) = -b**3 + 6*b**2 + 10*b + 1. Let m be y(a). Suppose -m = -5*x + 33. List the prime factors of x.
11
Let o(w) be the third derivative of w**5/60 + w**4/24 - 5*w**3/3 - 8*w**2. Let d be o(-9). Let f = -39 + d. What are the prime factors of f?
23
Let p = 421 + 1011. List the prime factors of p.
2, 179
Let h be 204/84 + 4/7 - -413. Suppose 8*g - h = 6*g. What are the prime factors of g?
2, 13
Suppose -q - 2*m + 5*m + 810 = 0, -6*m - 18 = 0. What are the prime factors of q?
3, 89
Let l = -255 + 780. What are the prime factors of l?
3, 5, 7
Suppose -3*q + 18 = 345. Let m = 40 + q. Let g = m + 108. What are the prime factors of g?
3, 13
Let n = 1684 - -554. Let w be 2/(-8) + n/24. Suppose 3*u = 2*m - 2*u - w, -2*m - 5*u + 123 = 0. List the prime factors of m.
2, 3
Suppose 4*c + 5*c - 1764 = 0. Let g = c + -137. List the prime factors of g.
59
Let x(d) be the first derivative of -1 + 1/4*d**4 - 6*d + 2*d**3 - 5*d**2. List the prime factors of x(-7).
3, 5
Let z(r) = -r. Let v(g) = 60*g + 2. Let a(w) = v(w) + 3*z(w). List the prime factors of a(1).
59
Suppose -14*q = -22*q - 224. Suppose -p = -5*j + 10, -30 - 12 = 2*p + j. Let a = p - q. List the prime factors of a.
2
Let s(w) = 136*w - 22. Let u be s(5). Suppose -u - 488 = -6*q. List the prime factors of q.
191
Let a(u) = 21*u - 8. Let q be a(1). Let g = 118 + q. What are the prime factors of g?
131
Let s(y) = 281*y - 464. What are the prime factors of s(5)?
941
Let z be ((-3)/(-2))/(1/310). Suppose 2*i - 7*i + z = 0. What are the prime factors of i?
3, 31
Suppose -2*m + 5*m + 36 = 0. Let p be m/(-10)*20/8. List the prime factors of (44/p)/4*3.
11
Let b = -292 + 575. What are the prime factors of b?
283
Let r(a) be the third derivative of -a**4/24 + 4*a**3/3 - 15*a**2. Suppose -v + 36 = -4*b + v, -5*b - 45 = 3*v. List the prime factors of r(b).
17
Suppose -5*v + 330 = -5*g, 3*v + 81 = 4*v + 2*g. Let x = -37 + v. Suppose 4*r - 26 - x = 0. List the prime factors of r.
3, 5
Suppose 5*s = 3*h - 1325, 4*s + 2*h = -1071 + 33. Let g = -185 - s. List the prime factors of g.
7, 11
Let f(a) = -6*a - 6*a**2 + 17*a + 6*a**2 + 3*a**2 - 5. List the prime factors of f(-7).
5, 13
Let r = -143 - -123. List the prime factors of r/(-3)*81/9.
2, 3, 5
Let s be 48/28 - 2/(-7). Suppose -3*f + 343 = f - g, 3*f = -s*g + 249. What are the prime factors of f?
5, 17
Let q(s) = -31*s - 10. Let y be q(-2). Suppose 4*h - y - 412 = j, 5*j = h - 97. What are the prime factors of h?
3, 13
Let h(s) = 7*s - 10. Let p be h(4). Let b = p - -49. What are the prime factors of b?
67
Suppose 0 = u - 0*f + 5*f - 294, f = 2*u - 566. Let j = 141 - u. Let z = 201 + j. List the prime factors of z.
2, 29
Suppose -346 = -2*w + 3*t, 5*t + 602 = 3*w + 84. List the prime factors of w.
2, 11
Let t(m) = 3*m**3 + m**2 + 3*m - 65. Let w(c) = -13*c**3 - 5*c**2 - 13*c + 261. Let a(s) = -9*t(s) - 2*w(s). What are the prime factors of a(0)?
3, 7
List the prime factors of (0 + -1329)*(-25)/15.
5, 443
Suppose 22*x - 6*x - 5104 = 0. List the prime factors of x.
11, 29
Let w be 2422/8 + (-2)/(-8). Suppose -j - 5*q = -3*j + 197, 3*j - w = 5*q. List the prime factors of j.
2, 53
Suppose -3*g - 7 = -5*u, 5*g = -4*u - u + 15. Let h be 55/15 - u/(-6). Suppose -15 = -2*l + 5*t - 2*t, -h*l - 5*t - 3 = 0. List the prime factors of l.
3
Let s be -8*(-8)/((-256)/(-12)). Let g = -18 + 9. What are the prime factors of g/(s/(-3 - 0))?
3
Suppose 0 = 5*s + 2*c - 1435, 4*s = s - 4*c + 847. What are the prime factors of s?
17
Suppose 59 + 13 = -3*y. List the prime factors of y*8/36*-3.
2
What are the prime factors of (-207 - 2)*(-2)/2?
11, 19
Let s(j) = -j**3 - 27*j**2 - 4*j + 120. What are the prime factors of s(-27)?
2, 3, 19
Suppose 5*m - 14 - 7 = -i, -i - 2*m = -18. Suppose -5*z + z = -i. Suppose -2*f = -2*j + 4*j - 46, z*f - 82 = j. List the prime factors of f.
3, 7
Suppose -30*y = -17*y + 39. What are the prime factors of 90 + 2 + 6*y/(-18)?
3, 31
Let z(r) = r**2 + 16*r - 52. Suppose 2*f + 5*j = 31, -4*j + 44 = 4*f - 0*j. List the prime factors of 